.
29
Suppose -76869 + 76029 = -12*l. Calculate the highest common factor of 1386 and l.
14
Suppose 5*h = -10 + 80. Let z(g) = -g**2 + 32*g + 74. Let i be z(20). Let n = -48 + i. Calculate the highest common divisor of n and h.
14
Let x be ((-1)/(-4))/(5/40)*12. Suppose -9*y + 21 + x = 0. Let h(t) = 20*t**3 + t**2 - 2*t + 1. Let q be h(1). Calculate the highest common divisor of q and y.
5
Suppose -26*i + 244 - 62 = 0. Let c be -104*(-5 - (-7)/i). What is the greatest common divisor of 13 and c?
13
Let u be -2 + 1044/(-3) - 3. Let z = -210 - u. Calculate the greatest common divisor of 33 and z.
11
Suppose 4*m + 12 = 0, 121 = 4*t + 4*m - 1467. Suppose -4*n = -208 + 8. What is the greatest common divisor of t and n?
50
Suppose g - 100 = -4*r - 11, 2*g = -3*r + 58. Calculate the highest common divisor of 616 and r.
8
Suppose 26*v - 199 = 267 - 102. Let r be 10/(-3)*9/(-6). Suppose t - 4*t + 63 = 3*h, -105 = -r*t + 5*h. Calculate the greatest common divisor of t and v.
7
Suppose 51*o - 39861 = 40972 + 1634. Calculate the highest common factor of o and 147.
147
Let c(z) = z**3 - 2*z**2 + 8*z - 3. Let o(v) = 10*v - 67. Let p be o(7). Let y be c(p). What is the greatest common factor of y and 135?
15
Suppose -18 = 5*t - 3. Let q(u) = -u**3 + 3*u - 3. Let r be q(t). Let g(l) = 15*l**2 - 9*l + 3. Let y be g(-3). What is the greatest common divisor of y and r?
15
Let r(g) = -g + 704. Let c be r(29). What is the highest common divisor of 108 and c?
27
Let b be -10 + -3 + (12 - -37). Let n be (2/(-4))/(2/(-48)). Calculate the highest common divisor of n and b.
12
Let l = 55 - 48. Let n(z) = z - 4. Let g be n(l). What is the greatest common factor of 24 and g?
3
Suppose -148 + 50 = -y. Suppose 2*u + 4*w = 7*w + 98, -y = -2*u - 2*w. What is the highest common divisor of 343 and u?
49
Let g = 464 + -69. Suppose -5*h - 4*u = -359, h - 6*h + 5*u = -g. Calculate the greatest common factor of 15 and h.
15
Suppose -2382 = -8*j + 1290. What is the highest common divisor of j and 17?
17
Let x be (4 + -1)/((-11)/(-77) - 0). Let f = 33 - x. Calculate the highest common factor of 188 and f.
4
Suppose -5*i + 950 = 2*o + 230, -2*o = 3*i - 432. Suppose 10 = h, -410*j + 407*j + 2*h = -304. What is the highest common factor of i and j?
36
Let b be 132 + 2 + (-2)/(-2). Let s = -5798 + 5978. Calculate the greatest common divisor of s and b.
45
Let f = 199 - 183. Suppose 0 = -4*q + 8*q + 20. Let s be (-2 - 2 - q) + f. Calculate the greatest common divisor of 17 and s.
17
Let p(d) = -4*d**2 + 7*d + 13. Let b be p(-3). Let w be (-6)/(-4)*b/(-3). What is the greatest common divisor of 319 and w?
11
Let i(o) = -2*o**3 + 31*o**2 + 24*o - 42. Let x be i(16). Suppose -x = 10*r - 806. Calculate the greatest common factor of r and 324.
36
Let w = 10776 - 10164. Calculate the greatest common factor of w and 1292.
68
Suppose -146*u + 5616 = -29*u. Calculate the highest common factor of 4008 and u.
24
Let f be (3960/9)/(2/7). Calculate the highest common divisor of f and 84.
28
Let h = 159 + -136. Suppose 3 + 1 = 2*a. Suppose -a*v = -v - 46. What is the highest common factor of v and h?
23
Let q be 22 - ((-1188)/561 - (6/(-17))/3). What is the greatest common divisor of 636 and q?
12
Let m be (2 - 1)/(4*1/12). Suppose -3*l + 153 = 5*g, -m*l + g + 174 = -g. Let h = l + 184. What is the greatest common divisor of h and 30?
30
Let b = -2 + 4. Let m be (4/(-4))/(-1*b/198). Suppose -m - 636 = -5*j. Calculate the greatest common divisor of j and 21.
21
Let t(h) = -h + 3. Let k(p) = -p**2 - 3*p - 2. Let v be k(-2). Let g be t(v). Suppose -4*s - g = -7. Calculate the greatest common divisor of s and 4.
1
Let m = -82 - -159. Suppose 5*b = -0*p - 3*p + 1, p = 5*b - 33. Let d be (-1 + -3)*((-106)/p + -15). What is the greatest common divisor of d and m?
7
Let i(y) = 185*y + 1420. Let t be i(-6). What is the greatest common divisor of t and 30?
10
Let f be 68690/110 - 18/(-33). What is the greatest common factor of 15 and f?
5
Suppose -14*r + 12 = -10*r. Suppose 59 = -43*v + 42*v. Let h = 62 + v. What is the highest common factor of r and h?
3
Let t = 18137 - 18061. Calculate the greatest common factor of t and 13148.
76
Suppose -6*a + 2*k = -123 - 45, -132 = -5*a + 3*k. Let g(f) = f**3 + 7*f**2 + 4*f + 6. Let i be g(-5). What is the greatest common divisor of a and i?
6
Suppose 5*u = 41 + 79. Suppose -3*y + 28 + 112 = 2*x, 5*y - 2*x - 244 = 0. Calculate the greatest common divisor of u and y.
24
Let d be 198/12*7/((-21)/(-124)). Suppose 6*g = 518 + d. Suppose -3*i + 19 = 2*h - 100, -5*h = 5*i - g. What is the greatest common divisor of i and 156?
39
Suppose -2642 = -3*d - 3*o + 271, -d - 3*o = -973. Calculate the greatest common factor of d and 10.
10
Suppose 209*g + 61*g - 282039 = 25491. What is the greatest common factor of 201 and g?
67
Let s be ((-366)/244)/(3/(-32)). What is the greatest common divisor of s and 152?
8
Suppose 0 = 7*w - 22 + 57. Let s be 12 + -1 - w/20*-8. Suppose 552 = s*c - 528. What is the greatest common divisor of 48 and c?
24
Let c(m) = m**3 + 17*m**2 + 58*m - 66. Let g be c(-10). Calculate the highest common factor of 9261 and g.
27
Suppose -3*t - l = -5*l - 5, 5*l + 1 = 2*t. Suppose 5*v - 382 = -3*j, 0 = 4*v - t*j - 0*j - 284. What is the highest common divisor of v and 37?
37
Let s be ((-8)/6)/((-5)/15). Suppose 2*r - 37 = c, 5*r = -c - s*c + 100. Calculate the greatest common factor of r and 19.
19
Let r(h) = h**3 + 20*h**2 + 23*h + 328. Let j be r(-12). Calculate the highest common divisor of 14 and j.
14
Let n(o) = 11*o - 181. Let r be n(14). Let q be 2 + 1/((-1)/(-35)). Let w = q + r. Calculate the highest common divisor of 90 and w.
10
Let g(j) = 20*j**3 - j**2 + 9*j - 10. Let n be g(2). Let d = 170 - n. What is the greatest common divisor of 2 and d?
2
Suppose -2*s + 67 + 1301 = 0. Suppose 746 = q + s. Calculate the greatest common divisor of q and 62.
62
Let t be ((-9)/(-4))/(2/8). Let g(p) = -p + 48. Let x be g(6). Suppose 4*m - x = -3*m. Calculate the highest common factor of t and m.
3
Let d(k) = 47*k - 119. Let b be d(13). Let x = -349 + b. Calculate the highest common factor of 11 and x.
11
Suppose -133043 = 410*o - 330663. Calculate the greatest common divisor of 10 and o.
2
Let i be 204153/33 + 5 - 1/(33/(-18)). Calculate the highest common divisor of 12 and i.
12
Let q = 184 + -178. Let n(h) = h - 2. Let p be n(6). Suppose -p*r - 38 = 2*a - 4*a, 0 = -3*r - 6. What is the highest common divisor of a and q?
3
Let f(g) = 2*g**2 - 23*g + 13. Let q be f(15). Let l = 199 - q. Calculate the highest common factor of l and 18.
9
Let i(k) = -2*k + 7 - 2 - 6 + k**3. Let v be i(-1). Suppose r + 9 - 11 = v. Calculate the greatest common factor of r and 14.
2
Let m(i) = -i**3 + 13*i**2 + 27*i + 69. Let c be m(15). Let g(a) = 7*a**2 - 2*a + 15. Let u be g(5). What is the highest common factor of u and c?
12
Suppose 115*w - 16315 = -136*w. What is the highest common divisor of 1352 and w?
13
Suppose 13*o + 18 = 16*o, -5*o + 3090 = 3*q. Calculate the greatest common divisor of 8 and q.
4
Suppose -65*p + 91*p = -553 + 5701. Calculate the greatest common divisor of 264 and p.
66
Let b(o) = 3*o**3 - 3*o**2 + 6*o - 3. Let y be b(2). Suppose c - 660 = -y*c. What is the highest common factor of c and 70?
10
Let m = -4110 + 4346. What is the highest common divisor of m and 59?
59
Let i(y) be the first derivative of -y**2/2 + 9*y - 239. Let o be i(7). What is the highest common divisor of 16 and o?
2
Let k = -594 - -684. Suppose 8 = -2*a, -l + 2*a = l + 112. Let x = k + l. Calculate the highest common factor of 15 and x.
15
Let a = -188 - -194. Suppose -9*z + a*z = 3*q - 21, 5*q + z - 47 = 0. What is the highest common factor of 110 and q?
10
Let u be 124 + (-247)/(-65)*-5. What is the highest common factor of 345 and u?
15
Suppose 27 + 9 = 4*y. Let h be (-6)/3 + 4/(-15 - -11). Let w be y/6 + h/(-6). What is the highest common factor of 1 and w?
1
Suppose 2*q = 3*t + 35, -2*t + 116 = 5*q - 0*t. Let y(j) = j**3 + 6*j**2 - 139*j + 50. Let c be y(-15). What is the greatest common factor of q and c?
22
Let r be (-12)/14 - 845/(-455). Calculate the highest common factor of r and 1751.
1
Suppose -89*k + 87*k - 180 = -3*s, 2*s + 4*k = 120. Calculate the greatest common factor of s